{"id":44,"date":"2018-02-12T20:33:19","date_gmt":"2018-02-12T19:33:19","guid":{"rendered":"http:\/\/www.design-sensation.at\/jutta4yoga\/?page_id=44"},"modified":"2018-04-27T10:03:39","modified_gmt":"2018-04-27T08:03:39","slug":"leistungen","status":"publish","type":"page","link":"https:\/\/www.jutta4yoga.at\/home\/leistungen\/","title":{"rendered":"Leistungen"},"content":{"rendered":"<p>[vc_row][vc_column][vc_empty_space height=&#8221;50px&#8221;]<h1 class=\"mpc-vc-deco-header vc_txt_align_center\"><span class=\"mpcth-color-main-border\">Yoga &amp; EnergetiK<\/span><\/h1>[vc_row_inner][vc_column_inner width=&#8221;1\/2&#8243;][vc_hoverbox image=&#8221;91&#8243; primary_title=&#8221;Yoga&#8221; primary_title_font_container=&#8221;font_size:50|color:%23ffffff&#8221; primary_title_google_fonts=&#8221;font_family:Montserrat%3Aregular%2C700|font_style:700%20bold%20regular%3A700%3Anormal&#8221; hover_title=&#8221;Yoga&#8221; hover_title_google_fonts=&#8221;font_family:Montserrat%3Aregular%2C700|font_style:700%20bold%20regular%3A700%3Anormal&#8221; shape=&#8221;square&#8221; hover_btn_title=&#8221;Erfahre mehr&#8221; hover_btn_i_icon_fontawesome=&#8221;fa fa-check&#8221; use_custom_fonts_primary_title=&#8221;true&#8221; use_custom_fonts_hover_title=&#8221;true&#8221; hover_add_button=&#8221;true&#8221; hover_btn_add_icon=&#8221;true&#8221; hover_btn_link=&#8221;url:http%3A%2F%2Fwww.jutta4yoga.at%2Fhome%2F%3Fpage_id%3D47|||&#8221;]Yoga ist eine \u00fcber Jahrtausende\u00a0entwickelte\u00a0Lehre aus Indien. Mit Hilfe\u00a0der Yoga-\u00dcbungen (Asanas, Pranayamas und Meditation) k\u00f6nnen K\u00f6rper, Geist und Psyche in eine harmonische Verbindung treten. Dies ist die Grundlage f\u00fcr unsere Gesundheit und unser Wohlbefinden.<\/p>\n<p>&nbsp;[\/vc_hoverbox][\/vc_column_inner][vc_column_inner width=&#8221;1\/2&#8243;][vc_hoverbox image=&#8221;107&#8243; primary_title=&#8221;Energetik&#8221; primary_title_font_container=&#8221;font_size:50|color:%23ffffff&#8221; primary_title_google_fonts=&#8221;font_family:Montserrat%3Aregular%2C700|font_style:700%20bold%20regular%3A700%3Anormal&#8221; hover_title=&#8221;Energetik&#8221; hover_title_google_fonts=&#8221;font_family:Montserrat%3Aregular%2C700|font_style:700%20bold%20regular%3A700%3Anormal&#8221; shape=&#8221;square&#8221; use_custom_fonts_primary_title=&#8221;true&#8221; use_custom_fonts_hover_title=&#8221;true&#8221;]Die Energetik wird als Handwerk verstanden, das das \u00fcbergeordnete Ziel verfolgt, das Energiesystem von Menschen, Tieren oder R\u00e4umen wieder ins flie\u00dfen zu bringen. Zum T\u00e4tigkeitsfeld der Energetik z\u00e4hlen: Bl\u00fcteessenzen nach Dr. Bach, Biofeedback und Bioresonanz, Farben und Lichtquellen, D\u00fcfte und Aromen, Musik, Aura Reading, Holistic Pulsing.<\/p>\n<p>&nbsp;<\/p>\n<p>&nbsp;[\/vc_hoverbox][\/vc_column_inner][\/vc_row_inner][\/vc_column][\/vc_row]<\/p>\n","protected":false},"excerpt":{"rendered":"<p>[vc_row][vc_column][vc_empty_space height=&#8221;50px&#8221;][vc_row_inner][vc_column_inner width=&#8221;1\/2&#8243;][vc_hoverbox image=&#8221;91&#8243; primary_title=&#8221;Yoga&#8221; primary_title_font_container=&#8221;font_size:50|color:%23ffffff&#8221; primary_title_google_fonts=&#8221;font_family:Montserrat%3Aregular%2C700|font_style:700%20bold%20regular%3A700%3Anormal&#8221; hover_title=&#8221;Yoga&#8221; hover_title_google_fonts=&#8221;font_family:Montserrat%3Aregular%2C700|font_style:700%20bold%20regular%3A700%3Anormal&#8221; shape=&#8221;square&#8221; hover_btn_title=&#8221;Erfahre mehr&#8221; hover_btn_i_icon_fontawesome=&#8221;fa fa-check&#8221; use_custom_fonts_primary_title=&#8221;true&#8221; use_custom_fonts_hover_title=&#8221;true&#8221; hover_add_button=&#8221;true&#8221; hover_btn_add_icon=&#8221;true&#8221; hover_btn_link=&#8221;url:http%3A%2F%2Fwww.jutta4yoga.at%2Fhome%2F%3Fpage_id%3D47|||&#8221;]Yoga ist eine \u00fcber Jahrtausende\u00a0entwickelte\u00a0Lehre aus Indien. Mit Hilfe\u00a0der Yoga-\u00dcbungen (Asanas, Pranayamas und Meditation) k\u00f6nnen K\u00f6rper, Geist und Psyche in eine harmonische Verbindung treten. Dies ist die Grundlage f\u00fcr unsere Gesundheit und unser Wohlbefinden. &nbsp;[\/vc_hoverbox][\/vc_column_inner][vc_column_inner width=&#8221;1\/2&#8243;][vc_hoverbox image=&#8221;107&#8243;&#8230;<\/p>\n","protected":false},"author":1,"featured_media":0,"parent":0,"menu_order":0,"comment_status":"closed","ping_status":"closed","template":"template-fullwidth.php","meta":{"footnotes":""},"acf":[],"_links":{"self":[{"href":"https:\/\/www.jutta4yoga.at\/home\/wp-json\/wp\/v2\/pages\/44"}],"collection":[{"href":"https:\/\/www.jutta4yoga.at\/home\/wp-json\/wp\/v2\/pages"}],"about":[{"href":"https:\/\/www.jutta4yoga.at\/home\/wp-json\/wp\/v2\/types\/page"}],"author":[{"embeddable":true,"href":"https:\/\/www.jutta4yoga.at\/home\/wp-json\/wp\/v2\/users\/1"}],"replies":[{"embeddable":true,"href":"https:\/\/www.jutta4yoga.at\/home\/wp-json\/wp\/v2\/comments?post=44"}],"version-history":[{"count":6,"href":"https:\/\/www.jutta4yoga.at\/home\/wp-json\/wp\/v2\/pages\/44\/revisions"}],"predecessor-version":[{"id":235,"href":"https:\/\/www.jutta4yoga.at\/home\/wp-json\/wp\/v2\/pages\/44\/revisions\/235"}],"wp:attachment":[{"href":"https:\/\/www.jutta4yoga.at\/home\/wp-json\/wp\/v2\/media?parent=44"}],"curies":[{"name":"wp","href":"https:\/\/api.w.org\/{rel}","templated":true}]}}