{"id":47,"date":"2018-02-12T20:35:21","date_gmt":"2018-02-12T19:35:21","guid":{"rendered":"http:\/\/www.design-sensation.at\/jutta4yoga\/?page_id=47"},"modified":"2026-01-03T12:26:21","modified_gmt":"2026-01-03T11:26:21","slug":"yoga","status":"publish","type":"page","link":"https:\/\/www.jutta4yoga.at\/home\/leistungen\/yoga\/","title":{"rendered":"Yoga"},"content":{"rendered":"<p>[vc_row][vc_column width=&#8221;2\/3&#8243;]<h1 class=\"mpc-vc-deco-header vc_txt_align_center\"><span class=\"mpcth-color-main-border\">Yoga<\/span><\/h1>[vc_column_text]Ob ein Verweilen im YIN Yoga oder ein Flie\u00dfen im Yoga FLOW oder eine kraftvolle, dynamische Haltung im YANG Yoga Stil, oder auch eine exakte Ausrichtung deines K\u00f6rpers, deiner Haltung\u2026alles darf sein\u2026 von Moment zu Moment im Einklang mit deinem Atem. Angekommen in Deinem K\u00f6rper sp\u00fcrst du die Meditation in der Bewegung.<\/p>\n<p>&nbsp;[\/vc_column_text][\/vc_column][vc_column width=&#8221;1\/3&#8243;][vc_single_image image=&#8221;120&#8243; img_size=&#8221;large&#8221;][\/vc_column][\/vc_row][vc_row full_width=&#8221;stretch_row&#8221; css=&#8221;.vc_custom_1524676010725{background-color: #ffdfc6 !important;background-position: center !important;background-repeat: no-repeat !important;background-size: cover !important;}&#8221;][vc_column]<h1 class=\"mpc-vc-deco-header vc_txt_align_center\"><span class=\"mpcth-color-main-border\">Yoga-Kurse<\/span><\/h1>[vc_column_text]<\/p>\n<h2>Yoga f\u00fcr Frauen &amp; M\u00e4nner<\/h2>\n<p>Gesundheitsyoga f\u00fcr Frauen und M\u00e4nner, f\u00fcr die Grund- und Mittelstufe.<\/p>\n<p>Einfache und sanfte, aber auch kraftvolle und fordernde K\u00f6rper\u00fcbungen, sowie ausgleichende Atem- und Entspannungs\u00fcbungen aus dem Hatha Yoga schenken Kraft, Beweglichkeit, Ruhe und Gleichgewicht.<\/p>\n<p><strong><span style=\"color: #ff6600;\">\u201eSchnuppern bzw. Einsteigen ist jederzeit nach Absprache mit mir m\u00f6glich!\u201c<\/span><\/strong>[\/vc_column_text]<h5 class=\"mpc-vc-deco-header vc_txt_align_left\"><span class=\"mpcth-color-main-border\">Kurse<\/span><\/h5>[vc_row_inner][vc_column_inner width=&#8221;1\/3&#8243;][vc_column_text]<\/p>\n<h3><span style=\"color: #ff6600;\">Kurstage<\/span><\/h3>\n<p>[\/vc_column_text][vc_column_text]<\/p>\n<h4>Chakra Yoga &#8211; Montag<br \/>\n12.1. &#8211; 23.2.2026<br \/>\n19 bis 20.30 Uhr<\/h4>\n<h4>Chakra Yoga &#8211; Dienstag<br \/>\n13.1. &#8211; 24.2.2026<br \/>\n8.30 bis 10 Uhr<\/h4>\n<h4>Chakra Yoga &#8211; Mittwoch<br \/>\n14.1. &#8211; 25.2.2026<br \/>\n19 bis 20.30 Uhr<\/h4>\n<h4>Yin Yoga &#8211; Donnerstag<br \/>\n15.1. &#8211; 26.2.2026<br \/>\n19 bis 20.30 Uhr<\/h4>\n<p>&nbsp;[\/vc_column_text][vc_column_text][\/vc_column_text][vc_column_text][\/vc_column_text][\/vc_column_inner][vc_column_inner width=&#8221;1\/3&#8243;][vc_column_text][\/vc_column_text][vc_column_text][\/vc_column_text][\/vc_column_inner][\/vc_row_inner][vc_row_inner][vc_column_inner width=&#8221;1\/2&#8243;][vc_column_text]<\/p>\n<h4><strong>Kurseinheiten<\/strong><\/h4>\n<p>Pro Yoga &#8211; Kurs 7 Einheiten \/ mit\u00a0 je 1,5 Std.<\/p>\n<p>&nbsp;[\/vc_column_text][vc_column_text]<\/p>\n<h4>Kursort:<\/h4>\n<p>Wasserverband, Mooskirchnerstr. 20, 8502 Lannach[\/vc_column_text][vc_column_text]<\/p>\n<h4>Mitzubringen:<\/h4>\n<p>Yogamatte, Sitzkissen, Polster und Decke.[\/vc_column_text][\/vc_column_inner][vc_column_inner width=&#8221;1\/2&#8243;][vc_raw_html]JTNDaWZyYW1lJTIwc3JjJTNEJTIyaHR0cHMlM0ElMkYlMkZ3d3cuZ29vZ2xlLmNvbSUyRm1hcHMlMkZlbWJlZCUzRnBiJTNEJTIxMW0xOCUyMTFtMTIlMjExbTMlMjExZDI3MjMuNDU4MDM1NjU1NzU3NiUyMTJkMTUuMzI3MjkyNTE1NjA3OTUlMjEzZDQ2Ljk1MjY4OTk3OTE0NjglMjEybTMlMjExZjAlMjEyZjAlMjEzZjAlMjEzbTIlMjExaTEwMjQlMjEyaTc2OCUyMTRmMTMuMSUyMTNtMyUyMTFtMiUyMTFzMHg0NzZmYzk5YzJjZDA1YWVkJTI1M0EweDkyMDc5OGRmYTY1YjNhYzQlMjEyc1dhc3NlcnZlcmJhbmQlMkJMYW5uYWNoJTJCLSUyQlN0LiUyQkpvc2VmJTIxNWUwJTIxM20yJTIxMXNkZSUyMTJzYXQlMjE0djE1MjQ4MzAyNTQzNTglMjIlMjB3aWR0aCUzRCUyMjYwMCUyMiUyMGhlaWdodCUzRCUyMjMwMCUyMiUyMGZyYW1lYm9yZGVyJTNEJTIyMCUyMiUyMHN0eWxlJTNEJTIyYm9yZGVyJTNBMCUyMiUyMGFsbG93ZnVsbHNjcmVlbiUzRSUzQyUyRmlmcmFtZSUzRQ==[\/vc_raw_html][\/vc_column_inner][\/vc_row_inner][\/vc_column][\/vc_row][vc_row full_width=&#8221;stretch_row&#8221; css=&#8221;.vc_custom_1524676102772{background-color: #d4ffc1 !important;}&#8221;][vc_column]<h1 class=\"mpc-vc-deco-header vc_txt_align_center\"><span class=\"mpcth-color-main-border\">Yoga f\u00fcr SeniorInnen<\/span><\/h1>[vc_column_text]<\/p>\n<h2>Yoga 50+<\/h2>\n<p>Morgens zum Aktivieren eine Yoga Einheit mit sanften \u00dcbungen f\u00fcr Schultern und Nacken sowie R\u00fccken mit besonderem Augenmerk auf die Lenden-, Brust- und Halswirbels\u00e4ule. Yoga mit therapheutischem Ansatz und Unterst\u00fctzung durch einfache Hilfsmitteln zur Dehnung und Kr\u00e4ftigung des gesamten Bewegungsapparates.<\/p>\n<p>\u00dcber den K\u00f6rper&#8230; die Leichtigkeit des Seins erfahren\u2026und staunen was m\u00f6glich ist&#8230;<\/p>\n<p>Geniesse DIR Gutes zu tun&#8230;in einer fr\u00f6hlichen Runde&#8230;mit viel Freude und Motivation dabei zu sein&#8230;ein wesentlicher Beitrag f\u00fcr deine Gesundheit!<\/p>\n<p>&nbsp;[\/vc_column_text][vc_column_text]<\/p>\n<h4>Termin &amp; Ort:<\/h4>\n<h4>Dienstags von 8.30 bis 10 Uhr<\/h4>\n<p>im Wasserverband Sajach, Mooskirchnerstr. 20, 8502 Lannach[\/vc_column_text][vc_column_text][\/vc_column_text][\/vc_column][\/vc_row][vc_row][vc_column width=&#8221;1\/2&#8243;][vc_column_text]<\/p>\n<h4>Kontakt<\/h4>\n<p>Bei Interesse melden Sie sich bitte bei<\/p>\n<p>Jutta Loibner, Kursleiterin<\/p>\n<p>selbst\u00e4ndige Yogalehrerin seit J\u00e4nner 2008.[\/vc_column_text][\/vc_column][vc_column width=&#8221;1\/2&#8243;][vc_column_text]<\/p>\n<h4>Hinterlasse mir eine Nachricht!<\/h4>\n<p>[\/vc_column_text]<div role=\"form\" class=\"wpcf7\" id=\"wpcf7-f4-o1\" lang=\"de-DE\" dir=\"ltr\">\n<div class=\"screen-reader-response\"><p role=\"status\" aria-live=\"polite\" aria-atomic=\"true\"><\/p> <ul><\/ul><\/div>\n<form action=\"\/home\/wp-json\/wp\/v2\/pages\/47#wpcf7-f4-o1\" method=\"post\" class=\"wpcf7-form init\" novalidate=\"novalidate\" data-status=\"init\">\n<div style=\"display: none;\">\n<input type=\"hidden\" name=\"_wpcf7\" value=\"4\" \/>\n<input type=\"hidden\" name=\"_wpcf7_version\" value=\"5.6.3\" \/>\n<input type=\"hidden\" name=\"_wpcf7_locale\" value=\"de_DE\" \/>\n<input type=\"hidden\" name=\"_wpcf7_unit_tag\" value=\"wpcf7-f4-o1\" \/>\n<input type=\"hidden\" name=\"_wpcf7_container_post\" value=\"0\" \/>\n<input type=\"hidden\" name=\"_wpcf7_posted_data_hash\" value=\"\" \/>\n<\/div>\n<p><label> Vorname<br \/>\n    <span class=\"wpcf7-form-control-wrap\" data-name=\"your-name\"><input type=\"text\" name=\"your-name\" value=\"\" size=\"40\" class=\"wpcf7-form-control wpcf7-text wpcf7-validates-as-required\" aria-required=\"true\" aria-invalid=\"false\" \/><\/span> <\/label><\/p>\n<p><label> Nachname<br \/>\n    <span class=\"wpcf7-form-control-wrap\" data-name=\"nachname\"><input type=\"text\" name=\"nachname\" value=\"\" size=\"40\" class=\"wpcf7-form-control wpcf7-text wpcf7-validates-as-required\" aria-required=\"true\" aria-invalid=\"false\" \/><\/span> <\/label><\/p>\n<p><label> Email<br \/>\n    <span class=\"wpcf7-form-control-wrap\" data-name=\"your-email\"><input type=\"email\" name=\"your-email\" value=\"\" size=\"40\" class=\"wpcf7-form-control wpcf7-text wpcf7-email wpcf7-validates-as-required wpcf7-validates-as-email\" aria-required=\"true\" aria-invalid=\"false\" \/><\/span> <\/label><\/p>\n<p><label> Betreff<br \/>\n<span class=\"wpcf7-form-control-wrap\" data-name=\"menu-868\"><select name=\"menu-868\" class=\"wpcf7-form-control wpcf7-select wpcf7-validates-as-required\" aria-required=\"true\" aria-invalid=\"false\"><option value=\"Yoga Grundkurs\">Yoga Grundkurs<\/option><option value=\"Hormonyoga\">Hormonyoga<\/option><option value=\"Yoga &amp; Wandern\">Yoga &amp; Wandern<\/option><option value=\"Energetik\">Energetik<\/option><option value=\"Allgemein\">Allgemein<\/option><\/select><\/span> <\/label><\/p>\n<p><label> Nachricht<br \/>\n    <span class=\"wpcf7-form-control-wrap\" data-name=\"your-message\"><textarea name=\"your-message\" cols=\"40\" rows=\"10\" class=\"wpcf7-form-control wpcf7-textarea\" aria-invalid=\"false\"><\/textarea><\/span> <\/label><\/p>\n<p><span class=\"wpcf7-form-control-wrap\" data-name=\"acceptance-634\"><span class=\"wpcf7-form-control wpcf7-acceptance\"><span class=\"wpcf7-list-item\"><label><input type=\"checkbox\" name=\"acceptance-634\" value=\"1\" aria-invalid=\"false\" \/><span class=\"wpcf7-list-item-label\">Hiermit Best\u00e4tige ich die Einwilligung der Datenverarbeitung der oben angegebenen Datenkategorien nach unserer Datenschutzerkl\u00e4rung.<\/span><\/label><\/span><\/span><\/span><\/p>\n<p><input type=\"submit\" value=\"Senden\" class=\"wpcf7-form-control has-spinner wpcf7-submit\" \/><\/p>\n<div class=\"wpcf7-response-output\" aria-hidden=\"true\"><\/div><\/form><\/div>[\/vc_column][\/vc_row][vc_row][vc_column]<h1 class=\"mpc-vc-deco-header vc_txt_align_center\"><span class=\"mpcth-color-main-border\">Yoga &amp; EnergetiK<\/span><\/h1>[vc_row_inner][vc_column_inner][vc_column_text css_animation=&#8221;left-to-right&#8221;]<\/p>\n<h4 style=\"text-align: center;\">Herzlich willkommen bei Jutta4Yoga\u2026<\/h4>\n<p style=\"text-align: center;\">Ich freue mich sehr, dass du da bist\u2026<\/p>\n<p style=\"text-align: center;\">Ich lade dich ein in die Welt des Yoga und der Energetik&#8230;<\/p>\n<p style=\"text-align: center;\"><strong>Verweile<\/strong>\u2026.. <strong>Geniesse<\/strong>\u2026. <strong>Entspann DICH<\/strong>\u2026<\/p>\n<p style=\"text-align: center;\">Erlaube es DIR\u2026. anzukommen\u2026..JETZT\u2026.<\/p>\n<p style=\"text-align: center;\"><strong>LAUSCHE<\/strong> der <strong>STILLE<\/strong>\u2026..<\/p>\n<p style=\"text-align: center;\">und h\u00f6r\u2018 was dein K\u00f6rper und dein <strong>HERZ zu DIR sagt<\/strong>\u2026..<\/p>\n<p>[\/vc_column_text][vc_empty_space][\/vc_column_inner][\/vc_row_inner][vc_row_inner][vc_column_inner width=&#8221;1\/2&#8243;][vc_hoverbox image=&#8221;91&#8243; primary_title=&#8221;Yoga&#8221; primary_title_font_container=&#8221;font_size:50|color:%23ffffff&#8221; primary_title_google_fonts=&#8221;font_family:Montserrat%3Aregular%2C700|font_style:700%20bold%20regular%3A700%3Anormal&#8221; hover_title=&#8221;Yoga&#8221; hover_title_google_fonts=&#8221;font_family:Montserrat%3Aregular%2C700|font_style:700%20bold%20regular%3A700%3Anormal&#8221; shape=&#8221;square&#8221; use_custom_fonts_primary_title=&#8221;true&#8221; use_custom_fonts_hover_title=&#8221;true&#8221;]Yoga ist eine \u00fcber Jahrtausende\u00a0entwickelte\u00a0Lehre aus Indien. Mit Hilfe\u00a0der Yoga-\u00dcbungen (Asanas, Pranayamas und Meditation) k\u00f6nnen K\u00f6rper, Geist und Psyche in eine harmonische Verbindung treten. Dies ist die Grundlage f\u00fcr unsere Gesundheit und unser Wohlbefinden.[\/vc_hoverbox][\/vc_column_inner][vc_column_inner width=&#8221;1\/2&#8243;][vc_hoverbox image=&#8221;107&#8243; primary_title=&#8221;Energetik&#8221; primary_title_font_container=&#8221;font_size:50|color:%23ffffff&#8221; primary_title_google_fonts=&#8221;font_family:Montserrat%3Aregular%2C700|font_style:700%20bold%20regular%3A700%3Anormal&#8221; hover_title=&#8221;Energetik&#8221; hover_title_google_fonts=&#8221;font_family:Montserrat%3Aregular%2C700|font_style:700%20bold%20regular%3A700%3Anormal&#8221; shape=&#8221;square&#8221; use_custom_fonts_primary_title=&#8221;true&#8221; use_custom_fonts_hover_title=&#8221;true&#8221;]Die Energetik wird als Handwerk verstanden, das das \u00fcbergeordnete Ziel verfolgt, das Energiesystem von Menschen, Tieren oder R\u00e4umen wieder ins flie\u00dfen zu bringen. Zum T\u00e4tigkeitsfeld der Energetik z\u00e4hlen: Bl\u00fcteessenzen nach Dr. Bach, Biofeedback und Bioresonanz, Farben und Lichtquellen, D\u00fcfte und Aromen, Musik, Aura Reading, Holistic Pulsing.[\/vc_hoverbox][\/vc_column_inner][\/vc_row_inner][\/vc_column][\/vc_row][vc_row full_width=&#8221;stretch_row_content&#8221; equal_height=&#8221;yes&#8221; css=&#8221;.vc_custom_1519136745719{background-image: url(http:\/\/www.design-sensation.at\/jutta4yoga\/wp-content\/uploads\/2018\/02\/27325751_ml_hell.jpg?id=104) !important;background-position: center !important;background-repeat: no-repeat !important;background-size: cover !important;}&#8221;][vc_column][\/vc_column][\/vc_row][vc_row][vc_column]<h1 class=\"mpc-vc-deco-header vc_txt_align_center\"><span class=\"mpcth-color-main-border\">Yoga Kurse<\/span><\/h1>[vc_column_text]<span style=\"color: #ff6600;\"><strong>Gesundheitsyoga f\u00fcr Frauen und M\u00e4nner, f\u00fcr die Grund- und Mittelstufe.<\/strong><\/span><\/p>\n<p><span style=\"color: #ff6600;\">Einfache und sanfte, aber auch kraftvolle und fordernde K\u00f6rper\u00fcbungen, sowie ausgleichende Atem- und Entspannungs\u00fcbungen aus dem Hatha Yoga schenken Kraft, Beweglichkeit, Ruhe und Gleichgewicht.<\/span><\/p>\n<p><span style=\"color: #ff6600;\"><strong>\u201eSchnuppern ist jederzeit m\u00f6glich!\u201c<\/strong><\/span>[\/vc_column_text][vc_row_inner][vc_column_inner width=&#8221;1\/3&#8243;][vc_column_text][\/vc_column_text][vc_column_text][\/vc_column_text][vc_column_text][\/vc_column_text][vc_column_text][\/vc_column_text][\/vc_column_inner][vc_column_inner width=&#8221;1\/3&#8243;][vc_column_text][\/vc_column_text][vc_column_text][\/vc_column_text][vc_column_text][\/vc_column_text][vc_column_text][\/vc_column_text][\/vc_column_inner][vc_column_inner width=&#8221;1\/3&#8243;][vc_column_text][\/vc_column_text][vc_column_text][\/vc_column_text][vc_column_text][\/vc_column_text][vc_column_text][\/vc_column_text][\/vc_column_inner][\/vc_row_inner][vc_column_text][\/vc_column_text][vc_column_text]<\/p>\n<h4>Kursort:<\/h4>\n<p>Wasserverband Lannach \u2013 St. Josef, Mooskirchnerstr. 20, 8502 Lannach[\/vc_column_text][vc_column_text]<\/p>\n<h4>Kontakt<\/h4>\n<p>Bei Interesse melden Sie sich bitte bei Jutta Loibner,<\/p>\n<p>Kursleiterin und selbst\u00e4ndige Yogalehrerin seit J\u00e4nner 2008<\/p>\n<p>unter 0664\/8966265 oder <a href=\"mailto:jutta4yoga@aon.at\">jutta4yoga@aon.at<\/a>[\/vc_column_text][vc_column_text]<\/p>\n<h3 style=\"text-align: center;\"><span style=\"color: #ff6600;\">&#8220;Sei bereit,<\/span><\/h3>\n<h3 style=\"text-align: center;\"><span style=\"color: #ff6600;\">mit dem Leben<\/span><span style=\"color: #ff6600;\"> zu fliessen&#8230;!<strong><em>&#8220;<\/em><\/strong><\/span><\/h3>\n<p>[\/vc_column_text][\/vc_column][\/vc_row][vc_row][vc_column]<h1 class=\"mpc-vc-deco-header vc_txt_align_center\"><span class=\"mpcth-color-main-border\">Yin Yoga<\/span><\/h1>[vc_column_text]<span style=\"color: #ff6600;\">Wir durchwandern mit Hilfe der Yin Yoga K\u00f6rperhaltungen alle <strong>5 Elemente<\/strong> (Holz, Feuer, Erde, Metall, Wasser \u2013 aus der TCM Lehre) und bringen die <strong>Meridiane<\/strong> in den entsprechenden Organen und Organsystemen <em>zum Flie\u00dfen<\/em>. \u00dcber die \u00dcbung des \u201e<strong>Loslassens<\/strong>\u201c kommen K\u00f6rper, Geist und Psyche wieder ins <strong>Gleichgewicht<\/strong>.<\/span><\/p>\n<p><span style=\"color: #ff6600;\">Yin Yoga dient der Straffung unserer <strong>Figur und <\/strong>schenkt uns bei regelm\u00e4\u00dfiger \u00dcbung auch einen schmerzfreien K\u00f6rper \u00fcber die <strong>Faszien<\/strong> <strong>Dehnung<\/strong>. Die Faszien (Bindegewebe) werden dabei ausgiebig befeuchtet, sodass sich die <strong>Gelenkigkeit<\/strong> und Geschmeidigkeit des K\u00f6rpers deutlich verbessern kann.<\/span><\/p>\n<p><span style=\"color: #ff6600;\">In der <strong>Tiefenentspannung<\/strong> kommen die Gedanken zur Ruhe und ein wunderbar lebendiges und befreites <strong>K\u00f6rperwohlgef\u00fchl<\/strong> stellt sich ein.<\/span><\/p>\n<p><span style=\"color: #ff6600;\">Wenn dein Alltag und dein Berufsleben sehr Yang orientiert ist (sehr stark fordernde geistige und k\u00f6rperliche Aktivit\u00e4ten) so bist du beim <strong>Yin Yoga genau richtig<\/strong>.<\/span><\/p>\n<p><span style=\"color: #ff6600;\"><strong>\u201eSchnuppern ist jederzeit m\u00f6glich!\u201c<\/strong><\/span>[\/vc_column_text][vc_row_inner][vc_column_inner width=&#8221;1\/3&#8243;][vc_column_text][\/vc_column_text][vc_column_text][\/vc_column_text][\/vc_column_inner][vc_column_inner width=&#8221;1\/3&#8243;][vc_column_text][\/vc_column_text][vc_column_text][\/vc_column_text][vc_column_text][\/vc_column_text][\/vc_column_inner][vc_column_inner width=&#8221;1\/3&#8243;][vc_column_text][\/vc_column_text][vc_column_text][\/vc_column_text][\/vc_column_inner][\/vc_row_inner][vc_column_text][\/vc_column_text][vc_column_text]<\/p>\n<h4>Kursort:<\/h4>\n<p>Wasserverband Lannach \u2013 St. Josef, Mooskirchnerstr. 20, 8502 Lannach[\/vc_column_text][vc_column_text]<\/p>\n<h4>Kontakt<\/h4>\n<p>Jutta Loibner, Kursleiterin und selbst\u00e4ndige Yogalehrerin seit J\u00e4nner 2008,\u00a0\u00a0 0664\/8966265 oder <a href=\"mailto:jutta4yoga@aon.at\">jutta4yoga@aon.at<\/a>[\/vc_column_text][vc_column_text]<\/p>\n<h3 style=\"text-align: center;\"><span style=\"color: #ff6600;\">&#8220;<\/span><strong><em><span style=\"color: #ff6600;\">Loslassen&#8230;geschehen lassen&#8230;zulassen was mir entspricht&#8221;<\/span><\/em><\/strong><\/h3>\n<p>[\/vc_column_text][\/vc_column][\/vc_row]<\/p>\n","protected":false},"excerpt":{"rendered":"<p>[vc_row][vc_column width=&#8221;2\/3&#8243;][vc_column_text]Ob ein Verweilen im YIN Yoga oder ein Flie\u00dfen im Yoga FLOW oder eine kraftvolle, dynamische Haltung im YANG Yoga Stil, oder auch eine exakte Ausrichtung deines K\u00f6rpers, deiner Haltung\u2026alles darf sein\u2026 von Moment zu Moment im Einklang mit deinem Atem. Angekommen in Deinem K\u00f6rper sp\u00fcrst du die Meditation in der Bewegung. &nbsp;[\/vc_column_text][\/vc_column][vc_column width=&#8221;1\/3&#8243;][vc_single_image&#8230;<\/p>\n","protected":false},"author":1,"featured_media":0,"parent":44,"menu_order":0,"comment_status":"closed","ping_status":"closed","template":"template-fullwidth.php","meta":{"footnotes":""},"acf":[],"_links":{"self":[{"href":"https:\/\/www.jutta4yoga.at\/home\/wp-json\/wp\/v2\/pages\/47"}],"collection":[{"href":"https:\/\/www.jutta4yoga.at\/home\/wp-json\/wp\/v2\/pages"}],"about":[{"href":"https:\/\/www.jutta4yoga.at\/home\/wp-json\/wp\/v2\/types\/page"}],"author":[{"embeddable":true,"href":"https:\/\/www.jutta4yoga.at\/home\/wp-json\/wp\/v2\/users\/1"}],"replies":[{"embeddable":true,"href":"https:\/\/www.jutta4yoga.at\/home\/wp-json\/wp\/v2\/comments?post=47"}],"version-history":[{"count":59,"href":"https:\/\/www.jutta4yoga.at\/home\/wp-json\/wp\/v2\/pages\/47\/revisions"}],"predecessor-version":[{"id":426,"href":"https:\/\/www.jutta4yoga.at\/home\/wp-json\/wp\/v2\/pages\/47\/revisions\/426"}],"up":[{"embeddable":true,"href":"https:\/\/www.jutta4yoga.at\/home\/wp-json\/wp\/v2\/pages\/44"}],"wp:attachment":[{"href":"https:\/\/www.jutta4yoga.at\/home\/wp-json\/wp\/v2\/media?parent=47"}],"curies":[{"name":"wp","href":"https:\/\/api.w.org\/{rel}","templated":true}]}}