{"id":55,"date":"2018-02-12T20:39:32","date_gmt":"2018-02-12T19:39:32","guid":{"rendered":"http:\/\/www.design-sensation.at\/jutta4yoga\/?page_id=55"},"modified":"2024-09-04T18:42:28","modified_gmt":"2024-09-04T16:42:28","slug":"wer-steckt-dahinter","status":"publish","type":"page","link":"https:\/\/www.jutta4yoga.at\/home\/wer-steckt-dahinter\/","title":{"rendered":"Wer steckt dahinter?"},"content":{"rendered":"<p>[vc_row][vc_column width=&#8221;2\/3&#8243;]<h3 class=\"mpc-vc-deco-header vc_txt_align_center\"><span class=\"mpcth-color-main-border\">\u00dcber mich<\/span><\/h3>[vc_column_text]Ab dem Jahr 2000, habe ich begonnen, mich mit s\u00e4mtlichen Themen der Gesundheitspr\u00e4vention intensiv bei mir pers\u00f6nlich auseinander zu setzen. Mit der Erkenntnis, sobald ich mit meinem K\u00f6rper zu &#8220;arbeiten&#8221; beginne, geschieht Ver\u00e4nderung im Innen und im Au\u00dfen: Geist, K\u00f6rper, Seele sowie das soziale Umfeld, Familie, Partner beginnen sich zu wandeln.<\/p>\n<p>Ich bin nun frei, den Weg meines Herzens zu gehen und voller Freude mache ich immer wieder\u00a0neue Erfahrungen. Ich lerne und wachse, bekomme Impulse, die mich zutiefst ber\u00fchren, mich st\u00e4rken und befl\u00fcgeln. Danke f\u00fcr all die wunderbaren Menschen die mir Tag f\u00fcr Tag auf meinem Weg begegnen!<\/p>\n<p>F\u00fcr meine Arbeit als Yoga-Lehrerin und Energetikerin als auch f\u00fcr mich Selbst, sind meine st\u00e4ndigen Begleiter:<br \/>\nFortbildungen, Workshops, Vortr\u00e4ge, Selbsterfahrungen in Richtung Yoga, Energetik, Naturheilkunde, Traditionelle Chinesische Medizin, Meridianlehre, energetische K\u00f6rperarbeit.[\/vc_column_text][\/vc_column][vc_column width=&#8221;1\/3&#8243;]<h3 class=\"mpc-vc-deco-header vc_txt_align_center\"><span class=\"mpcth-color-main-border\">Jutta Loibner<\/span><\/h3>[vc_single_image image=&#8221;396&#8243; img_size=&#8221;280&#215;320&#8243; alignment=&#8221;center&#8221;][\/vc_column][\/vc_row][vc_row][vc_column]<h4 class=\"mpc-vc-deco-header vc_txt_align_left\"><span class=\"mpcth-color-main-border\">Yoga<\/span><\/h4>[vc_row_inner][vc_column_inner width=&#8221;2\/3&#8243;][vc_column_text]<\/p>\n<h5>Aus- und Weiterbildungen<\/h5>\n<ul>\n<li>Shivananda Yoga \u2013 Lehrerausbildung, Paul Nathschl\u00e4ger (2006 &#8211; 2007)<\/li>\n<li>Yoga Vertiefungsjahre, Mag. Jasmin Yasmin (2008 \u2013 2011)<\/li>\n<li>Hormonyoga, Dinah Rodriguez, Wien (Mai 2008)<\/li>\n<li>Change Yoga f\u00fcr\u00a0 die Wechseljahre,\u00a0 Lucia Nirmala Schmidt (Okt 2011)<\/li>\n<li>Spiraldynamik \u2013 Workshop, Eva Hager Forstlechner (Aug. 2010)<\/li>\n<li>Yogatherapie, Dr. A. Goldammer und Dr. G\u00fcnter Niessen (2011 und 2016)<\/li>\n<li>Psychosomatik des Bewegungsapparates bei\u00a0Ingo Wunderlich (2016)<\/li>\n<li>Yin Yoga Lehrer Ausbildung, Yoga Mangalam (2019)<\/li>\n<\/ul>\n<p>[\/vc_column_text][\/vc_column_inner][vc_column_inner width=&#8221;1\/3&#8243;][vc_progress_bar values=&#8221;%5B%7B%22label%22%3A%22Shivananda%20Yoga%22%2C%22value%22%3A%22100%22%2C%22color%22%3A%22bar_orange%22%7D%2C%7B%22label%22%3A%22Hormonyoga%22%2C%22value%22%3A%22100%22%2C%22color%22%3A%22sandy-brown%22%7D%2C%7B%22label%22%3A%22Change%20Yoga%22%2C%22value%22%3A%22100%22%2C%22color%22%3A%22pink%22%7D%2C%7B%22label%22%3A%22Yogatheraphie%22%2C%22value%22%3A%22100%22%2C%22color%22%3A%22juicy-pink%22%7D%2C%7B%22label%22%3A%22Yin%20Yoga%22%2C%22value%22%3A%22100%22%2C%22color%22%3A%22violet%22%7D%5D&#8221;][\/vc_column_inner][\/vc_row_inner]<h4 class=\"mpc-vc-deco-header vc_txt_align_left\"><span class=\"mpcth-color-main-border\">ENERGETIK<\/span><\/h4>[vc_row_inner][vc_column_inner width=&#8221;2\/3&#8243;][vc_column_text]<\/p>\n<h5>Aus- und Weiterbildungen<\/h5>\n<ul>\n<li>Holistic Pulsing nach Jan Vonk (Basis-, Chakren- und Organpulsing)<\/li>\n<li>Gesichtsenergetik nach Petra Edelbauer<\/li>\n<li>Aroma\u00f6lanwendungen &amp; LeBe bei Gabriele Reinisch<\/li>\n<li>Aura Reading bei Ulrike Bocak Labent und Werner Bocak<\/li>\n<li>Somatic Resonance, Mag. Ingrid Huber (K\u00f6rperorientierte Gespr\u00e4chsf\u00fchrung &amp; Balance kommt aus dem Bauch)<\/li>\n<li>Medizinische Grundlagen f\u00fcr Energetiker, Dr. Lukas Reinisch (Anatomie, Pathologie, Hygiene und Erste Hilfe)<\/li>\n<li>Meridian \u2013 Energie \u2013 Methode \u201eKlopf dich frei\u201c nach Rainer Franke und Ingrid Schlieske<\/li>\n<li>Prana Vita &#8211; von Burgi Sedlak &#8211; Level 1<\/li>\n<\/ul>\n<p>[\/vc_column_text][\/vc_column_inner][vc_column_inner width=&#8221;1\/3&#8243;][vc_progress_bar values=&#8221;%5B%7B%22label%22%3A%22Holistic%20Pulsing%22%2C%22value%22%3A%22100%22%2C%22color%22%3A%22purple%22%7D%2C%7B%22label%22%3A%22Gesichtsenergetik%22%2C%22value%22%3A%22100%22%2C%22color%22%3A%22violet%22%7D%2C%7B%22label%22%3A%22Aroma%C3%B6l-Anwendung%22%2C%22value%22%3A%22100%22%2C%22color%22%3A%22vista-blue%22%7D%2C%7B%22label%22%3A%22Aura%20Reading%22%2C%22value%22%3A%22100%22%2C%22color%22%3A%22bar_green%22%7D%2C%7B%22label%22%3A%22Somatic%20Resonance%22%2C%22value%22%3A%22100%22%2C%22color%22%3A%22sky%22%7D%2C%7B%22label%22%3A%22Meridian-Energie-Methode%22%2C%22value%22%3A%22100%22%2C%22color%22%3A%22mulled-wine%22%7D%5D&#8221;][\/vc_column_inner][\/vc_row_inner][vc_column_text]<\/p>\n<h3>Danke<\/h3>\n<p>An all die wunderbaren Menschen, die mir immer wieder aufs Neue begegnen.<br \/>\nSie bringen mich mit Ihren Impulsen ein St\u00fcckchen n\u00e4her zu mir Selbst und zu meiner Berufung! DANKE!!![\/vc_column_text][\/vc_column][\/vc_row]<\/p>\n","protected":false},"excerpt":{"rendered":"<p>[vc_row][vc_column width=&#8221;2\/3&#8243;][vc_column_text]Ab dem Jahr 2000, habe ich begonnen, mich mit s\u00e4mtlichen Themen der Gesundheitspr\u00e4vention intensiv bei mir pers\u00f6nlich auseinander zu setzen. Mit der Erkenntnis, sobald ich mit meinem K\u00f6rper zu &#8220;arbeiten&#8221; beginne, geschieht Ver\u00e4nderung im Innen und im Au\u00dfen: Geist, K\u00f6rper, Seele sowie das soziale Umfeld, Familie, Partner beginnen sich zu wandeln. Ich bin nun&#8230;<\/p>\n","protected":false},"author":1,"featured_media":0,"parent":0,"menu_order":0,"comment_status":"closed","ping_status":"closed","template":"template-fullwidth.php","meta":{"footnotes":""},"acf":[],"_links":{"self":[{"href":"https:\/\/www.jutta4yoga.at\/home\/wp-json\/wp\/v2\/pages\/55"}],"collection":[{"href":"https:\/\/www.jutta4yoga.at\/home\/wp-json\/wp\/v2\/pages"}],"about":[{"href":"https:\/\/www.jutta4yoga.at\/home\/wp-json\/wp\/v2\/types\/page"}],"author":[{"embeddable":true,"href":"https:\/\/www.jutta4yoga.at\/home\/wp-json\/wp\/v2\/users\/1"}],"replies":[{"embeddable":true,"href":"https:\/\/www.jutta4yoga.at\/home\/wp-json\/wp\/v2\/comments?post=55"}],"version-history":[{"count":12,"href":"https:\/\/www.jutta4yoga.at\/home\/wp-json\/wp\/v2\/pages\/55\/revisions"}],"predecessor-version":[{"id":397,"href":"https:\/\/www.jutta4yoga.at\/home\/wp-json\/wp\/v2\/pages\/55\/revisions\/397"}],"wp:attachment":[{"href":"https:\/\/www.jutta4yoga.at\/home\/wp-json\/wp\/v2\/media?parent=55"}],"curies":[{"name":"wp","href":"https:\/\/api.w.org\/{rel}","templated":true}]}}